?
1
What is the value of 6 - (-3 - (1 + -5))?
5
Evaluate (1 - -1) + 0 + -4 - 0.
-2
Calculate 1 - 0 - (3 + 1 - 7).
4
Calculate 1 + 1 + -11 - (-115 - -114).
-8
Evaluate -4 + -4 + 3 + 0 + 0.
-5
What is the value of -9 - (-11 - -4) - -6?
4
What is -6 + -2 + 4 - (29 - 34)?
1
-2 - (3 + (2 - 2))
-5
What is (0 - (-1 - -5)) + 8 + -2?
2
What is (55 - 57) + (-1 - -2) + 0?
-1
What is the value of 7 + -3 + -2 + -1 - 1?
0
Calculate 1 - (0 + (2 - 3)).
2
(2 - 1) + 6 + -1 + -3
3
Evaluate -3 - -8 - 0 - (8 - 5).
2
What is the value of 2 + 0 + (4 - 18) + 5?
-7
What is the value of (3 - 5) + 5 + -3?
0
Calculate (-7 - (-5 + 3)) + 4.
-1
What is -2 + -3 + 6 + 0?
1
-5 + 2 + 4 - (6 + -4)
-1
(17 - 8) + -6 - 2
1
Calculate 12 + -12 - (-2 + 2 - 1).
1
What is 3 - ((30 - 26) + (-6 - 0))?
5
Calculate 6 - (1 + 3 + 0).
2
What is the value of -2 - ((0 - 10 - -6) + -3)?
5
Evaluate 1 - (16 + (-7 - 3)).
-5
What is 73 + -72 + (0 - -1)?
2
Calculate -3 - (-1 + 1 + 1).
-4
Calculate 0 - (-4 + (2 - -2)).
0
Calculate 17 + -13 + (-1 - -3).
6
Calculate (1 - (6 - 4)) + 3.
2
Evaluate -1 + (4 + 0 - (-7 - -6)).
4
(-2 - (-3 - -4)) + -1 + 5
1
Calculate (2 - (-6 + 1)) + -5.
2
Calculate 2 + 1 + (3 - (2 + 3)).
1
Evaluate (3 - 9) + (12 - 9) - -2.
-1
What is the value of -4 + (-5 - -7) - 0?
-2
Evaluate (-5 - (-2 - 2 - -3)) + 0.
-4
Evaluate 3 - -8 - 13 - (2 + 4).
-8
Evaluate -1 + 0 + (-1 - -4) + -1.
1
Calculate 0 + -8 + 18 + -3.
7
What is the value of 1 + 0 + 3 + -10 + 5?
-1
Calculate (-3 - -2) + -4 + 8.
3
Calculate -10 + 8 + 3 + 5.
6
What is the value of 41 + -51 + (-1 - -3) + 4?
-4
What is the value of 8 - (0 + 7 + (-3 - 1))?
5
Calculate 0 + -1 - -5 - -1.
5
Calculate 6 + (-3 + 9 - 1) + -2.
9
-11 - (-4 - (5 - -6))
4
12 - 15 - (-6 - -11)
-8
Evaluate 0 + 12 - 18 - -9.
3
What is (7 - -2) + (-29 - -17)?
-3
What is the value of (2 - 7 - -11) + -8 - 2?
-4
Calculate 2 - -1 - (-6 + 1 - -1).
7
What is 5 + (-1 - 0 - (-3 - -5))?
2
Calculate (-10 - -3) + (-5 - -18).
6
What is the value of 0 + 1 - (10 + (0 - 4))?
-5
What is 1 + (2 - -5) + -3?
5
Evaluate -5 + 2 - (6 - 11).
2
-10 - (1 + -1 + (-36 - -35))
-9
What is the value of -5 + (7 - -1) + 2?
5
What is the value of -3 + (1 - (0 + 0 + -3))?
1
17 + -17 + (-1 - 3)
-4
Calculate (-6 - -2) + 8 + 3 + -2.
5
Evaluate 0 + -6 - (-10 + 14).
-10
What is (-4 - 0) + -12 + 12?
-4
What is 10 - (-13 + 28) - (-9 + 1)?
3
What is the value of -5 - (1 + 4 + -5 - 0)?
-5
Evaluate 3 - (-2 - (-1 - 7)).
-3
(-5 - -4) + 1 + -7
-7
Calculate -2 + (-5 - 1 - -1 - -4).
-3
What is 0 + -1 + 2 - 5?
-4
What is -8 + -3 + (2 - (-8 - -1))?
-2
(4 + (-2 - 3) - -3) + -6
-4
3 + (1 - (6 + -7) - 9)
-4
What is -5 + (-7 - 5 - -18)?
1
-3 - -5 - (-1 + -2)
5
Evaluate (0 - (-8 - 3 - -8)) + -8.
-5
What is (-7 - 0) + (-2 + 7 - 0)?
-2
-5 - (-8 + (-9 - -6))
6
What is 3 + -4 + 3 + -7?
-5
What is (-3 - 6) + -3 + 5 - -13?
6
What is the value of 3 + 0 - (7 - 4)?
0
0 + -2 + 7 + (-35 - -32)
2
Evaluate 1 + 1 + -1 + -1.
0
Evaluate (0 - -5) + -3 - 6.
-4
1 + -8 + (-3 - -7)
-3
Evaluate (-1 - -4) + (-10 - (9 - 18)).
2
3 + (0 - 3) - -2
2
1 + (8 - 7) + (2 - -1)
5
Calculate -2 + (-2 - 3 - (-3 + 2)).
-6
Evaluate (3 - (-3 + 2)) + 10 + -18.
-4
What is (-1 + 0 - (2 + -9)) + -4?
2
0 - 0 - (-14 + 6 + 4)
4
Calculate 2 + 2 + 9 + -10.
3
4 - (8 + -1 + 2)
-5
-2 + 1 + 52 + -44
7
Calculate (0 - (6 - 3) - -4) + 4.
5
Evaluate -2 + (-19 - -22) + 2 + -1.
2
Evaluate -1 + 1 - (1 + (-2 - -2)).
-1
Calculate -5 + -3 + 1 + 3 + 0.
-4
What is the value of -12 - (-4 - (4 + -1)) - 3?
-8
Calculate (-4 + -3 + 5 - -3) + 2.
3
Calculate 2 - ((-3 - (-3 - 3)) + -2).
1
Calculate 26 + -21 + (2 - 0).
7
Evaluate -9 + (17 - -2 - 4).
6
Calculate -1 + 0 - (3 + -2 + -8).
6
What is the value of 9 - (2 - (-2 + 0))?
5
Evaluate (6 - 6) + -5 + 2 - -1.
-2
Evaluate 2 + -3 + 9 + -12 + 5.
1
-4 - ((0 + -6 - -11) + -6)
-3
Evaluate 14 + (37 + -40 - (4 - 1)).
8
Evaluate 8 - (-3 - -12) - 4.
-5
What is 0 + (13 - 5) + -6?
2
What is the value of (3 - (7 + -1 - 2)) + -8?
-9
What is 0 + 3 + -2 + 0 + 3?
4
Evaluate -2 + (0 + -3 - (-3 - 2)).
0
What is the value of (-7 - -6) + (-2 - -2)?
-1
Calculate (1 - 7) + -5 + 9.
-2
0 - 8 - (-41 - -37)
-4
Calculate -3 - 3 - -4 - (1 - 4).
1
-2 - (1 + (-7 - -8)) - -3
-1
What is the value of (2 + 1 - 2) + 2 + -4?
-1
Calculate -3 - (-1 - 1 - (4 - 8)).
-5
What is 0 - (8 + (5 - 0 - 5))?
-8
Evaluate 1 - (-5 + -4 + 5 - 0).
5
What is 1 + 3 - (68 + -70)?
6
What is the value of 1 + -2 - (8 + -4)?
-5
14 + -21 + 0 + 3
-4
5 - 3 - 4 - 2
-4
What is 0 + -3 + (-3 - -3 - -2)?
-1
Calculate 5 - (-6 - -3 - -6).
2
Calculate 3 - 6 - (1 - 4).
0
-2 + (1 - 1) - (-4 + -2)
4
What is 5 + 24 + -29 + 2 + 1?
3
Calculate -2 + -7 + 3 + -3 + 4.
-5
Calculate (1 - 1) + (-28 - -25).
-3
6 + 3 + -5 - (0 + 0)
4
What is the value of (-3 - -5) + (-1 - 1) + 0?
0
Evaluate 11 + -5 + (5 - 7).
4
Calculate 2 - (0 + 5 + -5).
2
Calculate 3 + 1 - (1 - (-15 - -4)).
-8
-3 + 1 - (-85 + 78)
5
What is -39 - -44 - (0 - -9)?
-4
(7 - (27 + -8)) + 4
-8
What is the value of 3 - (-47 - -37 - (-5 + 1))?
9
Evaluate -6 - ((-7 - -14) + -8).
-5
Calculate -5 - (11 + -4) - -19.
7
(-6 - -7) + -7 - -5
-1
What is (25 - -5) + -12 + -13?
5
What is (19 - (-3 + 12)) + -8?
2
What is the value of (4 + -7 + 4 - 2) + 7?
6
0 + 4 + 0 + -4 + 4
4
What is -5 + (11 - -1) - (-1 - 0)?
8
-3 + (-2 - 2) + (7 - -1)
1
Evaluate 1 + 5 + 8 + -10 - 0.
4
What is 1 + -13 + (0 - 2) + 6?
-8
What is the value of (4 - -3) + 2 - 2?
7
-8 - 2 - (-14 - -6)
-2
(7 - 2) + -8 + 11 - 4
4
What is (-7 - (-13 - -1)) + -4?
1
Evaluate 1 + (-9 - (7 - 8)) + 0.
-7
What is 1 + (-2 + 0 - -2)?
1
What is the value of 2 + -3 + 4 + 0 + 1?
4
Calculate -2 - -10 - (-11 - -12).
7
(2 + 0 + -1 - 5) + 4
0
What is -41 - -49 - (-1 - (0 - 5))?
4
What is the value of 3 + (-5 - 0 - (-3 + -2))?
3
What is the value of -13 - ((-12 - -8) + -4) - 4?
-9
Calculate -4 + 0 + 1 + -1 + 5.
1
Evaluate 7 - 6 - (-3 + (5 - -1)).
-2
9 + 0 + -1 + 0 + -3
5
12 - (32 + -16) - (2 + 0)
-6
Calculate 3 - (2 - (5 + -5)).
1
Calculate -9 + 13 + (4 - 9).
-1
3 + 5 + (10 - 17)
1
What is the value of -14 + 7 + 3 - (1 - 4)?
-1
What is the value of 3 + -11 + -23 + 34?
3
Evaluate (-4 - 0) + (-21 - -20) + 5.
0
What is the value of -1 - 0 - (6 + -6) - 3?
-4
Calculate (-29 - (2 + -15)) + 14.
-2
What is 2 + -11 + 6 + -2 - 2?
-7
What is 10 + -17 - ((-1 - -1) + -14)?
7
3 - (3 + -7 - -6)
1
What is the value of (-9 - -6) + -1 - (-1 - 6)?
3
Evaluate 9 - ((-5 - -11 - 5) + 5).
3
What is -6 + (-8 + 4 - -4) + 8?
2
8 - ((10 - -7) + 1)
-10
What is the value of -5 + 5 + (-5 - (-3 + 4))?
-6
What is -6 - (-6 - (3 - (15 - 8)))?
-4
(-12 - -5) + 8 - -5
6
Calculate -4 - (0 - 1) - (0 - 4).
1
What is 2 - 6 - 0 - (-1 - 7)?
4
What is the value of -10 + (-6 - -11) + 2?
-3
Evaluate 0 + 8 + 1 + (-5 - -1).
5
Calculate -2 + -1 + 4 + 0 - -1.
2
What is 4 + (12 - 18 - (0 + -12))?
10
-20 + (6 - -4) + 10
0
Calculate -17 + -2 - (-2 - 10).
-7
Evaluate (-1 - 1) + 0 + 1 + -2.
-3
What is the value of 1 + -2 + -31 + 36?
4
-8 + 14 + 1 + 2 + -4
5
What is (-1 - (-15 - -4)) + -5 + -2?
3
3 - (-6 + 16 + -5 - 2)
0
Calculate 9 - (2 + -1) - 14.
-6
Evaluate (4 - -3) + (-2 - (-7 + 8)).
4
-4 - (10 + -7 - 6)
-1
Evaluate 19 - (-3 + 14) - (17 - -1).
-10
Calculate -10 + 14 + (-8 - -10).
6
What is 0 - 2 - (-25 - -28) - -7?
2
What is the value of -12 - -13 - (5 + 3)?
-7
4 + 3 + -10 - (2 - 0)
-5
Evaluate 2 - (-6 - (-7 - -3)) - 5.
-1
Evaluate (7 - (-8 + (1 - -4))) + -4.
6
What is (5 + 1 - 8) + 3?
1
What is -3 - -5 - (-3 - -11)?
-6
Calculate 14 + (-15 - -6) - -2.
7
Calculate 1 + -3 + 5 - (-7 + 14).
-4
(13 - 2) + 9 + -13
7
What is -1 + 11 + -10 + 1 + 2?
3
Calculate 0 - (4 + 5 + -9).
0
What is 9 + -9 + (-6 - -4 - -2)?
0
What is the value of 54 + -60 + (-1 - -7)?
0
Calculate 6 + (1 - (5 - 3)).
5
What is 1 - (3 - 2 - (-1 + 0))?
-1
Evaluate 9 - 8 - (2 - (0 - -2)).
1
Evaluate -7 - -7 - (5 + -2) - -5.
2
Calculate -1 + 9 - (-24 + 34).
-2
What is the value of -3 + (1 - 0) - 0 - 0?
-2
What is (5 - -1) + (-6 - -2)?
2
What is -6 - (-2 - 4 - -4)?
-4
What is -2 - ((5 - 0) + -10)?
3
What is 9 - (-8 + 22 - 7)?
2
-6 + -4 + 6 - -3
-1
What is -2 + -1 - (-3 - -3)?
-3
-2 + (-8 - -20) - 5
5
Calculate -7 + (-12 - -13 - -11).
5
Calculate (-7 - -11) + -1 + -4 - 3.
-4
What is the value of 1 + (0 - -3) + 0 + 0?
4
What is 1 + -12 + 33 + -27?
-5
What is -1 + 9 + -6 - (-1 + 6)?
-3
-1 - 4 - (-25 + 19)
1
Calculate 5 +